{"id":16,"date":"2024-02-25T02:45:57","date_gmt":"2024-02-25T01:45:57","guid":{"rendered":"https:\/\/www.kubesovyborkovice.cz\/?page_id=16"},"modified":"2024-05-22T19:25:46","modified_gmt":"2024-05-22T17:25:46","slug":"kapellen","status":"publish","type":"page","link":"https:\/\/www.kubesovyborkovice.cz\/?page_id=16&lang=de","title":{"rendered":"Kapellen"},"content":{"rendered":"\t\t<div data-elementor-type=\"wp-page\" data-elementor-id=\"16\" class=\"elementor elementor-16\">\n\t\t\t\t<div class=\"elementor-element elementor-element-b863cf4 e-flex e-con-boxed e-con e-parent\" data-id=\"b863cf4\" data-element_type=\"container\">\n\t\t\t\t\t<div class=\"e-con-inner\">\n\t\t<div class=\"elementor-element elementor-element-a41c0b1 e-con-full e-flex e-con e-child\" data-id=\"a41c0b1\" data-element_type=\"container\">\n\t\t\t\t<div class=\"elementor-element elementor-element-ffedd1a elementor-widget elementor-widget-image\" data-id=\"ffedd1a\" data-element_type=\"widget\" data-widget_type=\"image.default\">\n\t\t\t\t\t\t\t\t\t\t\t\t\t\t\t<img fetchpriority=\"high\" decoding=\"async\" width=\"768\" height=\"579\" src=\"https:\/\/www.kubesovyborkovice.cz\/wp-content\/uploads\/2024\/03\/babouci-768x579.jpg\" class=\"attachment-medium_large size-medium_large wp-image-460\" alt=\"\" srcset=\"https:\/\/www.kubesovyborkovice.cz\/wp-content\/uploads\/2024\/03\/babouci-768x579.jpg 768w, https:\/\/www.kubesovyborkovice.cz\/wp-content\/uploads\/2024\/03\/babouci-300x226.jpg 300w, https:\/\/www.kubesovyborkovice.cz\/wp-content\/uploads\/2024\/03\/babouci-1024x771.jpg 1024w, https:\/\/www.kubesovyborkovice.cz\/wp-content\/uploads\/2024\/03\/babouci-1536x1157.jpg 1536w, https:\/\/www.kubesovyborkovice.cz\/wp-content\/uploads\/2024\/03\/babouci-2048x1543.jpg 2048w\" sizes=\"(max-width: 768px) 100vw, 768px\" \/>\t\t\t\t\t\t\t\t\t\t\t\t\t\t\t<\/div>\n\t\t\t\t<\/div>\n\t\t<div class=\"elementor-element elementor-element-cfaf54d e-con-full e-flex e-con e-child\" data-id=\"cfaf54d\" data-element_type=\"container\">\n\t\t\t\t<div class=\"elementor-element elementor-element-175881e elementor-widget elementor-widget-text-editor\" data-id=\"175881e\" data-element_type=\"widget\" data-widget_type=\"text-editor.default\">\n\t\t\t\t\t\t\t\t\t<h4>BABOUCI<\/h4><p>Babouci spielt seit 1868 ununterbrochen und ist somit die \u00e4lteste s\u00fcdb\u00f6hmische Blaskapelle. Sie reisen permanent durch ganz Tschechien und sind schon in \u00d6sterreich, Deutschland, Belgien und der Slowakei aufgetreten. Seit 1. Mai 2019 ist der Fl\u00fcgelhornist Tom\u00e1\u0161 Stan\u011bk Kapellmeister.\u00a0 Er hat den Klarinettisten Petr Sh\u00fdbal als Leiter abgel\u00f6st. Der unnachahmliche Spielstil wurde dank V\u00e1clav Ro\u017eboud beibehalten, der fast f\u00fcnfzig Jahre lang Mitglied der Kapelle war und sie drei\u00dfig Jahre lang leitete. Nach seinem Tod im Herbst 1998 \u00fcbernahm Baritonist Franti\u0161ek Petr\u00e1ch die Leitung und \u00fcbergab sie am 1. Mai 2002 an den bereits erw\u00e4hnten Petr Sh\u00fdbal. Die aktuelle CD \u201eSvatoj\u00e1nsk\u00e1 chasa\u201c unter der Leitung von Kapellmeister Tom\u00e1\u0161 Stan\u011bk erschien im Herbst 2023 ebenso im Kube\u0161 Musikverlag. Die aktuelle CD \u201eSvatoj\u00e1nsk\u00e1 chasa\u201c unter der Leitung von Kapellmeister Tom\u00e1\u0161 Stan\u011bk erschien im Herbst 2023 ebenso im Kube\u0161 Musikverlag.<\/p><p><strong>Tom\u00e1\u0161 Stan\u011bk &#8211; Kapellmeister<\/strong><br \/><a href=\"mailto:tomasstanek1@email.cz\">tomasstanek1@email.cz<\/a><br \/><a href=\"http:\/\/www.babouci.cz\" target=\"_blank\" rel=\"noopener\">www.babouci.cz<\/a><\/p>\t\t\t\t\t\t\t\t<\/div>\n\t\t\t\t<\/div>\n\t\t\t\t\t<\/div>\n\t\t\t\t<\/div>\n\t\t<div class=\"elementor-element elementor-element-71c67cc e-flex e-con-boxed e-con e-parent\" data-id=\"71c67cc\" data-element_type=\"container\">\n\t\t\t\t\t<div class=\"e-con-inner\">\n\t\t\t\t<div class=\"elementor-element elementor-element-d79438c elementor-widget-divider--view-line elementor-widget elementor-widget-divider\" data-id=\"d79438c\" data-element_type=\"widget\" data-widget_type=\"divider.default\">\n\t\t\t\t\t\t\t<div class=\"elementor-divider\">\n\t\t\t<span class=\"elementor-divider-separator\">\n\t\t\t\t\t\t<\/span>\n\t\t<\/div>\n\t\t\t\t\t\t<\/div>\n\t\t\t\t\t<\/div>\n\t\t\t\t<\/div>\n\t\t<div class=\"elementor-element elementor-element-17d82ab e-flex e-con-boxed e-con e-parent\" data-id=\"17d82ab\" data-element_type=\"container\">\n\t\t\t\t\t<div class=\"e-con-inner\">\n\t\t<div class=\"elementor-element elementor-element-31d11f2 e-con-full e-flex e-con e-child\" data-id=\"31d11f2\" data-element_type=\"container\">\n\t\t\t\t<div class=\"elementor-element elementor-element-5be9a93 elementor-widget elementor-widget-image\" data-id=\"5be9a93\" data-element_type=\"widget\" data-widget_type=\"image.default\">\n\t\t\t\t\t\t\t\t\t\t\t\t\t\t\t<img decoding=\"async\" src=\"https:\/\/www.kubesovyborkovice.cz\/wp-content\/uploads\/2024\/03\/krajanka.jpg\" title=\"\" alt=\"\" loading=\"lazy\" \/>\t\t\t\t\t\t\t\t\t\t\t\t\t\t\t<\/div>\n\t\t\t\t<\/div>\n\t\t<div class=\"elementor-element elementor-element-5f27652 e-con-full e-flex e-con e-child\" data-id=\"5f27652\" data-element_type=\"container\">\n\t\t\t\t<div class=\"elementor-element elementor-element-2451cb6 elementor-widget elementor-widget-text-editor\" data-id=\"2451cb6\" data-element_type=\"widget\" data-widget_type=\"text-editor.default\">\n\t\t\t\t\t\t\t\t\t<h4>KRAJANKA<\/h4><p>Die Blaskapelle Krajanka geh\u00f6rt zu den bekanntesten und popul\u00e4rsten Kapellen in B\u00f6hmen. Gegr\u00fcndet wurde sie im Jahr 1991 in Prag aus professionellen Musikern der Spitzenklasse. Bekannt durch zahlreiche Fernsehauftritte hat sie bisher 39 CDs aufgenommen und besitzt auch 2 Goldene Schallplatten. Im Jahr 1998 wurde Krajanka f\u00fcr den &#8222;Grammy&#8220; (in der Sparte Volks- und Blasmusik ) nominiert. Bisher kann diese Kapelle auf mehr als 1.700 Konzerte im In-und Ausland zur\u00fcckblicken. Seit ihrer Gr\u00fcndung sind Kapellmeister V\u00e1clav Hlav\u00e1\u010dek und die Solisten Ji\u0159\u00ed \u0160kv\u00e1ra und Vratislav Velek dabei. Ab dem Jahr 2020 singen Ivana Jel\u00ednkov\u00e1 und Ivana Zbo\u0159ilov\u00e1 mit der Kapelle. Die Krajanka-Konzerte moderiert mit viel Gef\u00fchl die Schauspielerin Karolina Hlav\u00e1\u010dkov\u00e1. Bei der Europa-Meisterschaft f\u00fcr b\u00f6hmisch-m\u00e4hrische Blasmusik 2009 in Prag war die Blaskapelle Krajanka Mitveranstalter. V\u00e1clav Hlav\u00e1\u010dek ist auch Chefredakteur der viertelj\u00e4hrlich erscheinenden Blasmusik Zeitschrift Dechovka, to je na\u0161e!<\/p><p><strong>V\u00e1clav Hlav\u00e1\u010dek &#8211; Kapellmeister<br \/><\/strong><a href=\"mailto:krajanka@krajanka.cz\">krajanka@krajanka.cz<\/a><br \/><a href=\"http:\/\/www.krajanka.cz\">www.krajanka.cz<\/a><\/p>\t\t\t\t\t\t\t\t<\/div>\n\t\t\t\t<\/div>\n\t\t\t\t\t<\/div>\n\t\t\t\t<\/div>\n\t\t<div class=\"elementor-element elementor-element-76510a1 e-flex e-con-boxed e-con e-parent\" data-id=\"76510a1\" data-element_type=\"container\">\n\t\t\t\t\t<div class=\"e-con-inner\">\n\t\t\t\t<div class=\"elementor-element elementor-element-4ca0494 elementor-widget-divider--view-line elementor-widget elementor-widget-divider\" data-id=\"4ca0494\" data-element_type=\"widget\" data-widget_type=\"divider.default\">\n\t\t\t\t\t\t\t<div class=\"elementor-divider\">\n\t\t\t<span class=\"elementor-divider-separator\">\n\t\t\t\t\t\t<\/span>\n\t\t<\/div>\n\t\t\t\t\t\t<\/div>\n\t\t\t\t\t<\/div>\n\t\t\t\t<\/div>\n\t\t<div class=\"elementor-element elementor-element-9677a18 e-flex e-con-boxed e-con e-parent\" data-id=\"9677a18\" data-element_type=\"container\">\n\t\t\t\t\t<div class=\"e-con-inner\">\n\t\t<div class=\"elementor-element elementor-element-8ee0177 e-con-full e-flex e-con e-child\" data-id=\"8ee0177\" data-element_type=\"container\">\n\t\t\t\t<div class=\"elementor-element elementor-element-b1799d7 elementor-widget elementor-widget-image\" data-id=\"b1799d7\" data-element_type=\"widget\" data-widget_type=\"image.default\">\n\t\t\t\t\t\t\t\t\t\t\t\t\t\t\t<img decoding=\"async\" width=\"768\" height=\"604\" src=\"https:\/\/www.kubesovyborkovice.cz\/wp-content\/uploads\/2024\/03\/kubesovanka-768x604.jpg\" class=\"attachment-medium_large size-medium_large wp-image-164\" alt=\"\" srcset=\"https:\/\/www.kubesovyborkovice.cz\/wp-content\/uploads\/2024\/03\/kubesovanka-768x604.jpg 768w, https:\/\/www.kubesovyborkovice.cz\/wp-content\/uploads\/2024\/03\/kubesovanka-300x236.jpg 300w, https:\/\/www.kubesovyborkovice.cz\/wp-content\/uploads\/2024\/03\/kubesovanka-1024x806.jpg 1024w, https:\/\/www.kubesovyborkovice.cz\/wp-content\/uploads\/2024\/03\/kubesovanka-1536x1209.jpg 1536w, https:\/\/www.kubesovyborkovice.cz\/wp-content\/uploads\/2024\/03\/kubesovanka-2048x1611.jpg 2048w\" sizes=\"(max-width: 768px) 100vw, 768px\" \/>\t\t\t\t\t\t\t\t\t\t\t\t\t\t\t<\/div>\n\t\t\t\t<\/div>\n\t\t<div class=\"elementor-element elementor-element-e4de6bd e-con-full e-flex e-con e-child\" data-id=\"e4de6bd\" data-element_type=\"container\">\n\t\t\t\t<div class=\"elementor-element elementor-element-efc6ec5 elementor-widget elementor-widget-text-editor\" data-id=\"efc6ec5\" data-element_type=\"widget\" data-widget_type=\"text-editor.default\">\n\t\t\t\t\t\t\t\t\t<h4>KUBE\u0160OVANKA (\u00d6sterreich)<\/h4><p>Vor, w\u00e4hrend und auch nach dem 2. Weltkrieg musste seitens der Trachtenkapelle Brand aus Nieder\u00f6sterreich oft auf tschechische AushilfsmusikerInnen zur\u00fcckgegriffen werden. In erster Linie bei Begr\u00e4bnissen war eine musikalische Begleitung ohne gegenseitige Aushilfe nicht m\u00f6glich. Dadurch entstand sp\u00e4ter der Kontakt des damaligen Kapellmeisters Adolf Zeller mit Ladislav Kube\u0161 sen. und es entwickelte sich eine bis heute andauernde innige musikalische Freundschaft zwischen der Trachtenkapelle Brand und Familie Kube\u0161. Ab 1962 wurden mit Ladislav Kube\u0161 sen. und seiner Kapelle gegenseitige Besuche in Tschechien und \u00d6sterreich organisiert und Noten ausgetauscht. Das \u201eKleine Ensemble\u201c der Trachtenkapelle Brand, welches 1971 gegr\u00fcndet wurde, war in der b\u00f6hmischen Besetzung aktiv und spielte mit Leidenschaft die s\u00fcdb\u00f6hmischen Kompositionen bei ihren Auftritten. Die Musiktradition der \u201eS\u00fcdb\u00f6hmischen Blasmusik in Brand-Nagelberg\u201c wurde 2021 in das \u00f6sterreichische Verzeichnis des immateriellen Kulturerbes der UNESCO aufgenommen. Diese Ehre und ein Generationswechsel in der Trachtenkapelle Brand waren Anlass f\u00fcr die Gr\u00fcndung einer neuen \u201eB\u00f6hmischen\u201c namens \u201eKube\u0161ovanka\u201c, die dieses Kulturerbe weiterpflegen und wiederentdecken m\u00f6chte. Eine Besonderheit der Blasmusikformation \u201eKube\u0161ovanka\u201c ist ihr niedriges Durchschnittsalter von ca. 20 Jahren, da sie vorwiegend aus den Nachwuchsmitgliedern der Trachtenkapelle Brand besteht. Musikalisch m\u00f6chte man sich an gepflegter b\u00f6hmischer Blasmusik erfreuen. Neben Spa\u00df an der Darbietung von Blasmusik-Hits steht die Bewahrung der Kompositionen von Ladislav Kube\u0161 und der s\u00fcdb\u00f6hmischen Blasmusik f\u00fcr die nachfolgenden Generationen im Vordergrund.<\/p><p><strong>Marc \u00d6sterreicher (A) &#8211; <\/strong><strong>Kapellmeister<\/strong><br \/><a href=\"mailto:office@tk-brand.at\">office@tk-brand.at<\/a><br \/><a href=\"http:\/\/www.tk-brand.at\">www.tk-brand.at<\/a><\/p>\t\t\t\t\t\t\t\t<\/div>\n\t\t\t\t<\/div>\n\t\t\t\t\t<\/div>\n\t\t\t\t<\/div>\n\t\t<div class=\"elementor-element elementor-element-9c2fb6b e-flex e-con-boxed e-con e-parent\" data-id=\"9c2fb6b\" data-element_type=\"container\">\n\t\t\t\t\t<div class=\"e-con-inner\">\n\t\t\t\t<div class=\"elementor-element elementor-element-81e648d elementor-widget-divider--view-line elementor-widget elementor-widget-divider\" data-id=\"81e648d\" data-element_type=\"widget\" data-widget_type=\"divider.default\">\n\t\t\t\t\t\t\t<div class=\"elementor-divider\">\n\t\t\t<span class=\"elementor-divider-separator\">\n\t\t\t\t\t\t<\/span>\n\t\t<\/div>\n\t\t\t\t\t\t<\/div>\n\t\t\t\t\t<\/div>\n\t\t\t\t<\/div>\n\t\t<div class=\"elementor-element elementor-element-92c0913 e-flex e-con-boxed e-con e-parent\" data-id=\"92c0913\" data-element_type=\"container\">\n\t\t\t\t\t<div class=\"e-con-inner\">\n\t\t<div class=\"elementor-element elementor-element-f510aaf e-con-full e-flex e-con e-child\" data-id=\"f510aaf\" data-element_type=\"container\">\n\t\t\t\t<div class=\"elementor-element elementor-element-bf1de7d elementor-widget elementor-widget-image\" data-id=\"bf1de7d\" data-element_type=\"widget\" data-widget_type=\"image.default\">\n\t\t\t\t\t\t\t\t\t\t\t\t\t\t\t<img decoding=\"async\" width=\"768\" height=\"576\" src=\"https:\/\/www.kubesovyborkovice.cz\/wp-content\/uploads\/2024\/03\/veselka-de-768x576.jpg\" class=\"attachment-medium_large size-medium_large wp-image-411\" alt=\"\" srcset=\"https:\/\/www.kubesovyborkovice.cz\/wp-content\/uploads\/2024\/03\/veselka-de-768x576.jpg 768w, https:\/\/www.kubesovyborkovice.cz\/wp-content\/uploads\/2024\/03\/veselka-de-300x225.jpg 300w, https:\/\/www.kubesovyborkovice.cz\/wp-content\/uploads\/2024\/03\/veselka-de-1024x768.jpg 1024w, https:\/\/www.kubesovyborkovice.cz\/wp-content\/uploads\/2024\/03\/veselka-de-1536x1152.jpg 1536w, https:\/\/www.kubesovyborkovice.cz\/wp-content\/uploads\/2024\/03\/veselka-de-2048x1536.jpg 2048w\" sizes=\"(max-width: 768px) 100vw, 768px\" \/>\t\t\t\t\t\t\t\t\t\t\t\t\t\t\t<\/div>\n\t\t\t\t<div class=\"elementor-element elementor-element-51d4811 elementor-widget elementor-widget-image\" data-id=\"51d4811\" data-element_type=\"widget\" data-widget_type=\"image.default\">\n\t\t\t\t\t\t\t\t\t\t\t\t\t\t\t<img loading=\"lazy\" decoding=\"async\" width=\"843\" height=\"562\" src=\"https:\/\/www.kubesovyborkovice.cz\/wp-content\/uploads\/2024\/03\/blanka-iva.jpg\" class=\"attachment-large size-large wp-image-352\" alt=\"\" srcset=\"https:\/\/www.kubesovyborkovice.cz\/wp-content\/uploads\/2024\/03\/blanka-iva.jpg 900w, https:\/\/www.kubesovyborkovice.cz\/wp-content\/uploads\/2024\/03\/blanka-iva-300x200.jpg 300w, https:\/\/www.kubesovyborkovice.cz\/wp-content\/uploads\/2024\/03\/blanka-iva-768x512.jpg 768w\" sizes=\"(max-width: 843px) 100vw, 843px\" \/>\t\t\t\t\t\t\t\t\t\t\t\t\t\t\t<\/div>\n\t\t<div class=\"elementor-element elementor-element-7b64988 e-grid e-con-boxed e-con e-child\" data-id=\"7b64988\" data-element_type=\"container\">\n\t\t\t\t\t<div class=\"e-con-inner\">\n\t\t\t\t<div class=\"elementor-element elementor-element-96339bf elementor-widget elementor-widget-image\" data-id=\"96339bf\" data-element_type=\"widget\" data-widget_type=\"image.default\">\n\t\t\t\t\t\t\t\t\t\t\t\t\t\t\t<img decoding=\"async\" src=\"https:\/\/www.kubesovyborkovice.cz\/wp-content\/uploads\/2024\/03\/lubomir-jech.jpg\" title=\"lubomir-jech\" alt=\"lubomir-jech\" loading=\"lazy\" \/>\t\t\t\t\t\t\t\t\t\t\t\t\t\t\t<\/div>\n\t\t\t\t<div class=\"elementor-element elementor-element-588a72d elementor-widget elementor-widget-image\" data-id=\"588a72d\" data-element_type=\"widget\" data-widget_type=\"image.default\">\n\t\t\t\t\t\t\t\t\t\t\t\t\t\t\t<img decoding=\"async\" src=\"https:\/\/www.kubesovyborkovice.cz\/wp-content\/uploads\/2024\/03\/ivan-radosta.jpg\" title=\"ivan-radosta\" alt=\"ivan-radosta\" loading=\"lazy\" \/>\t\t\t\t\t\t\t\t\t\t\t\t\t\t\t<\/div>\n\t\t\t\t<div class=\"elementor-element elementor-element-bc13e53 elementor-widget elementor-widget-image\" data-id=\"bc13e53\" data-element_type=\"widget\" data-widget_type=\"image.default\">\n\t\t\t\t\t\t\t\t\t\t\t\t\t\t\t<img loading=\"lazy\" decoding=\"async\" width=\"451\" height=\"600\" src=\"https:\/\/www.kubesovyborkovice.cz\/wp-content\/uploads\/2024\/03\/josef-oplt.jpg\" class=\"attachment-large size-large wp-image-354\" alt=\"\" srcset=\"https:\/\/www.kubesovyborkovice.cz\/wp-content\/uploads\/2024\/03\/josef-oplt.jpg 451w, https:\/\/www.kubesovyborkovice.cz\/wp-content\/uploads\/2024\/03\/josef-oplt-226x300.jpg 226w\" sizes=\"(max-width: 451px) 100vw, 451px\" \/>\t\t\t\t\t\t\t\t\t\t\t\t\t\t\t<\/div>\n\t\t\t\t\t<\/div>\n\t\t\t\t<\/div>\n\t\t\t\t<\/div>\n\t\t<div class=\"elementor-element elementor-element-ec97913 e-con-full e-flex e-con e-child\" data-id=\"ec97913\" data-element_type=\"container\">\n\t\t\t\t<div class=\"elementor-element elementor-element-d0999ad elementor-widget elementor-widget-text-editor\" data-id=\"d0999ad\" data-element_type=\"widget\" data-widget_type=\"text-editor.default\">\n\t\t\t\t\t\t\t\t\t<h4>VESELKA LADISLAVA KUBE\u0160E<br \/>Blasmusik vom Feinsten<\/h4><p>Ihre Popularit\u00e4t sicherte sich die Blaskapelle Veselka unter ihrem Kapellmeister Ladislav Kube\u0161 jun. durch die hervorragende Interpretation in der Tradition des s\u00fcdb\u00f6hmischen Musizierstils. Veselka besteht seit mehr als 40 Jahren. In dieser langen Zeit wurden 96 Tontr\u00e4ger produziert, dazu noch 7 DVD\u00b4s in den bezaubernden Landschaften S\u00fcdb\u00f6hmens. Ausgezeichnet wurden diese Produktionen mit 2 Platin und 5 Goldenen Schallplatten. Die Blaskapelle Veselka begeistert das Publikum mit einem breiten Programm von b\u00f6hmischen, m\u00e4hrischen und modernen Welthits. Besonders gepflegt werden die weltweit bekannten Kompositionen von Ladislav Kube\u0161, dem Vater des Kapellmeisters. Titel wie \u201eS\u00fcdb\u00f6hmische Polka\u201c, \u201eLottchen Polka\u201c oder \u201eBorkovick\u00e1 Polka\u201c erfreuen sich immer wieder gro\u00dferer Beliebtheit beim Publikum und vielen Blaskapellen. Veselka feierte gro\u00dfe Erfolge bei Konzertreisen nach Deutschland, Holland, \u00d6stereich und in die Schweiz. Ebenso absolvierte Veselka zwei erfolgreiche Tourneen durch die USA. Auch in Borkovice wird Sie dieses Ensemble mit ihrem unverwechselbaren Musizierstil erfreuen.<\/p><p><strong>Ladislav Kube\u0161 &#8211; kapeln\u00edk<\/strong><br \/><a href=\"mailto:kubes@kubes.eu\">kubes@kubes.eu<\/a><br \/><a href=\"http:\/\/www.veselka.eu\" target=\"_blank\" rel=\"noopener\">www.veselka.eu<\/a><\/p>\t\t\t\t\t\t\t\t<\/div>\n\t\t\t\t<\/div>\n\t\t\t\t\t<\/div>\n\t\t\t\t<\/div>\n\t\t<div class=\"elementor-element elementor-element-777fe2c e-flex e-con-boxed e-con e-parent\" data-id=\"777fe2c\" data-element_type=\"container\">\n\t\t\t\t\t<div class=\"e-con-inner\">\n\t\t\t\t<div class=\"elementor-element elementor-element-8f0e53e elementor-widget-divider--view-line elementor-widget elementor-widget-divider\" data-id=\"8f0e53e\" data-element_type=\"widget\" data-widget_type=\"divider.default\">\n\t\t\t\t\t\t\t<div class=\"elementor-divider\">\n\t\t\t<span class=\"elementor-divider-separator\">\n\t\t\t\t\t\t<\/span>\n\t\t<\/div>\n\t\t\t\t\t\t<\/div>\n\t\t\t\t\t<\/div>\n\t\t\t\t<\/div>\n\t\t<div class=\"elementor-element elementor-element-504f508 e-flex e-con-boxed e-con e-parent\" data-id=\"504f508\" data-element_type=\"container\">\n\t\t\t\t\t<div class=\"e-con-inner\">\n\t\t<div class=\"elementor-element elementor-element-51fbb81 e-con-full e-flex e-con e-child\" data-id=\"51fbb81\" data-element_type=\"container\">\n\t\t\t\t<div class=\"elementor-element elementor-element-4b22772 elementor-widget elementor-widget-image\" data-id=\"4b22772\" data-element_type=\"widget\" data-widget_type=\"image.default\">\n\t\t\t\t\t\t\t\t\t\t\t\t\t\t\t<img loading=\"lazy\" decoding=\"async\" width=\"768\" height=\"1152\" src=\"https:\/\/www.kubesovyborkovice.cz\/wp-content\/uploads\/2024\/03\/milon-cepelka-de-768x1152.jpg\" class=\"attachment-medium_large size-medium_large wp-image-607\" alt=\"\" srcset=\"https:\/\/www.kubesovyborkovice.cz\/wp-content\/uploads\/2024\/03\/milon-cepelka-de-768x1152.jpg 768w, https:\/\/www.kubesovyborkovice.cz\/wp-content\/uploads\/2024\/03\/milon-cepelka-de-200x300.jpg 200w, https:\/\/www.kubesovyborkovice.cz\/wp-content\/uploads\/2024\/03\/milon-cepelka-de-683x1024.jpg 683w, https:\/\/www.kubesovyborkovice.cz\/wp-content\/uploads\/2024\/03\/milon-cepelka-de-1024x1536.jpg 1024w, https:\/\/www.kubesovyborkovice.cz\/wp-content\/uploads\/2024\/03\/milon-cepelka-de-1365x2048.jpg 1365w, https:\/\/www.kubesovyborkovice.cz\/wp-content\/uploads\/2024\/03\/milon-cepelka-de.jpg 1400w\" sizes=\"(max-width: 768px) 100vw, 768px\" \/>\t\t\t\t\t\t\t\t\t\t\t\t\t\t\t<\/div>\n\t\t\t\t<\/div>\n\t\t<div class=\"elementor-element elementor-element-867d80c e-con-full e-flex e-con e-child\" data-id=\"867d80c\" data-element_type=\"container\">\n\t\t\t\t<div class=\"elementor-element elementor-element-cbefb54 elementor-widget elementor-widget-text-editor\" data-id=\"cbefb54\" data-element_type=\"widget\" data-widget_type=\"text-editor.default\">\n\t\t\t\t\t\t\t\t\t<h4>Milo\u0148 \u010cepelka<\/h4><p>Milo\u0148 \u010cepelka verfasste viele Texte zu den Melodien aus dem Nachlass von Ladislav Kube\u0161, dem wohl ber\u00fchmtesten Komponisten aus S\u00fcdb\u00f6hmen. Das war ein ganz besonderer Wunsch von Ladislav Kube\u0161 jun., Sohn des Komponisten und Kapellmeister der Blaskapelle Veselka. Dar\u00fcber hinaus schrieb \u010cepelka eien Biografie des Komponisten mit dem Titel \u201eMeine b\u00f6hmische Heimat\u201c. Dieses lesenswerte Buch wurde in Zusammenarbeit mit dem \u00f6sterreichischen Verleger Gerhard Sulyok (tuba-musikverlag) und dem Kubes-Musikverlag im Jahr 2015 in deutscher und tschechischer Sprache ver\u00f6ffentlicht. Darin wird ausf\u00fchrlich das Leben und das Schaffen des bekannten Komponisten Ladislav Kube\u0161 beschrieben. Eine Pflichtlekt\u00fcre f\u00fcr alle Freunde der b\u00f6hmischen Blasmusik. Das Buch ist zus\u00e4tzlich versehen mit einer CD seiner ber\u00fchmtesten Kompositionen und einer DVD mit einmaligen Filmsequenzen aus dem Leben des Komponisten.<\/p><p><a href=\"http:\/\/www.kubes-musikverlag.at\/uber-uns\/mitarbeiter\/2-milon-cepelka\" target=\"_blank\" rel=\"noopener\">mehr<\/a><\/p>\t\t\t\t\t\t\t\t<\/div>\n\t\t\t\t<\/div>\n\t\t\t\t\t<\/div>\n\t\t\t\t<\/div>\n\t\t\t\t<\/div>\n\t\t","protected":false},"excerpt":{"rendered":"<p>BABOUCI Babouci spielt seit 1868 ununterbrochen und ist somit die \u00e4lteste s\u00fcdb\u00f6hmische Blaskapelle. Sie reisen permanent durch ganz Tschechien und sind schon in \u00d6sterreich, Deutschland,&hellip;<\/p>\n","protected":false},"author":1,"featured_media":0,"parent":0,"menu_order":0,"comment_status":"closed","ping_status":"closed","template":"","meta":{"footnotes":""},"class_list":["post-16","page","type-page","status-publish","hentry"],"_links":{"self":[{"href":"https:\/\/www.kubesovyborkovice.cz\/index.php?rest_route=\/wp\/v2\/pages\/16","targetHints":{"allow":["GET"]}}],"collection":[{"href":"https:\/\/www.kubesovyborkovice.cz\/index.php?rest_route=\/wp\/v2\/pages"}],"about":[{"href":"https:\/\/www.kubesovyborkovice.cz\/index.php?rest_route=\/wp\/v2\/types\/page"}],"author":[{"embeddable":true,"href":"https:\/\/www.kubesovyborkovice.cz\/index.php?rest_route=\/wp\/v2\/users\/1"}],"replies":[{"embeddable":true,"href":"https:\/\/www.kubesovyborkovice.cz\/index.php?rest_route=%2Fwp%2Fv2%2Fcomments&post=16"}],"version-history":[{"count":61,"href":"https:\/\/www.kubesovyborkovice.cz\/index.php?rest_route=\/wp\/v2\/pages\/16\/revisions"}],"predecessor-version":[{"id":631,"href":"https:\/\/www.kubesovyborkovice.cz\/index.php?rest_route=\/wp\/v2\/pages\/16\/revisions\/631"}],"wp:attachment":[{"href":"https:\/\/www.kubesovyborkovice.cz\/index.php?rest_route=%2Fwp%2Fv2%2Fmedia&parent=16"}],"curies":[{"name":"wp","href":"https:\/\/api.w.org\/{rel}","templated":true}]}}